{"id":1864,"date":"2025-11-03T11:40:25","date_gmt":"2025-11-03T08:40:25","guid":{"rendered":"https:\/\/meelc.com\/?page_id=1864"},"modified":"2025-11-03T12:15:31","modified_gmt":"2025-11-03T09:15:31","slug":"asansor-modernizasyonu","status":"publish","type":"page","link":"https:\/\/meelcelevator.com\/index.php\/asansor-modernizasyonu\/","title":{"rendered":"Asans\u00f6r Modernizasyonu"},"content":{"rendered":"<p>[vc_row][vc_column width=&#8221;1\/2&#8243;][vc_column_text]<strong>Modernize edilen asans\u00f6rler daha G\u00dcVENL\u0130 daha ESTET\u0130K ve daha KONFORLU<\/strong><\/p>\n<p>Binalardaki ula\u015f\u0131m\u0131 geli\u015ftirmek i\u00e7in uygulanacak yenilik\u00e7i \u00e7\u00f6z\u00fcmlere, modernizasyon ad\u0131 ile farkl\u0131 bir boyut kazand\u0131r\u0131labilir. Binan\u0131zdaki asans\u00f6re uygulayaca\u011f\u0131n\u0131z yenileme \u00e7al\u0131\u015fmalar\u0131 ile verimlili\u011fini, konforunu ve emniyetini artt\u0131rabilirsiniz. Modernizasyon programlar\u0131 kapsam\u0131nda pek \u00e7ok inovatif teknolojiyi asans\u00f6r\u00fcn\u00fczde g\u00f6rmeniz m\u00fcmk\u00fcn. Do\u011fru \u00fcr\u00fcn tercihi ile sizleri hem konfora hem de tasarrufa davet ediyoruz.<\/p>\n<p>Asans\u00f6r i\u00e7erisinde yer alan pek \u00e7ok malzemelerin de\u011fi\u015fimi olas\u0131. Yenilik\u00e7i \u00e7\u00f6z\u00fcmler sayesinde asans\u00f6r\u00fcn\u00fcz\u00fc bir \u00fcst seviyeye \u00e7\u0131kartmak m\u00fcmk\u00fcn.<\/p>\n<p><strong>\u0130ster paket asans\u00f6r ya da isterseniz \u00fcr\u00fcn bazl\u0131 de\u011fi\u015fim&#8230;<\/strong><\/p>\n<p><strong>\u00a0<\/strong><\/p>\n<p><strong>Modernize edilen asans\u00f6rler ba\u015fl\u0131ca ne gibi avantajlar sa\u011flar?<\/strong><\/p>\n<ol>\n<li>Yenilenmi\u015f Kabin \u0130\u00e7 Tasar\u0131m\u0131<\/li>\n<li>Artt\u0131r\u0131lm\u0131\u015f Emniyet<\/li>\n<li>Performans Etkisi<\/li>\n<li>Enerji Tasarrufu<\/li>\n<\/ol>\n<p>[\/vc_column_text][\/vc_column][vc_column width=&#8221;1\/2&#8243;][vc_single_image image=&#8221;1963&#8243; img_size=&#8221;full&#8221;][vc_separator][vc_separator][vc_single_image image=&#8221;1964&#8243; img_size=&#8221;full&#8221;][\/vc_column][\/vc_row]<\/p>\n","protected":false},"excerpt":{"rendered":"<p>[vc_row][vc_column width=&#8221;1\/2&#8243;][vc_column_text]Modernize edilen asans\u00f6rler daha G\u00dcVENL\u0130 daha ESTET\u0130K ve daha KONFORLU Binalardaki ula\u015f\u0131m\u0131 geli\u015ftirmek i\u00e7in uygulanacak yenilik\u00e7i \u00e7\u00f6z\u00fcmlere, modernizasyon ad\u0131 ile farkl\u0131 bir boyut kazand\u0131r\u0131labilir. Binan\u0131zdaki asans\u00f6re uygulayaca\u011f\u0131n\u0131z yenileme \u00e7al\u0131\u015fmalar\u0131 ile verimlili\u011fini, konforunu ve emniyetini artt\u0131rabilirsiniz. Modernizasyon programlar\u0131 kapsam\u0131nda pek \u00e7ok inovatif teknolojiyi asans\u00f6r\u00fcn\u00fczde g\u00f6rmeniz m\u00fcmk\u00fcn. Do\u011fru \u00fcr\u00fcn tercihi ile sizleri hem konfora hem de [&hellip;]<\/p>\n","protected":false},"author":1,"featured_media":0,"parent":0,"menu_order":0,"comment_status":"closed","ping_status":"closed","template":"","meta":{"footnotes":""},"class_list":["post-1864","page","type-page","status-publish","hentry"],"acf":[],"_links":{"self":[{"href":"https:\/\/meelcelevator.com\/index.php\/wp-json\/wp\/v2\/pages\/1864","targetHints":{"allow":["GET"]}}],"collection":[{"href":"https:\/\/meelcelevator.com\/index.php\/wp-json\/wp\/v2\/pages"}],"about":[{"href":"https:\/\/meelcelevator.com\/index.php\/wp-json\/wp\/v2\/types\/page"}],"author":[{"embeddable":true,"href":"https:\/\/meelcelevator.com\/index.php\/wp-json\/wp\/v2\/users\/1"}],"replies":[{"embeddable":true,"href":"https:\/\/meelcelevator.com\/index.php\/wp-json\/wp\/v2\/comments?post=1864"}],"version-history":[{"count":3,"href":"https:\/\/meelcelevator.com\/index.php\/wp-json\/wp\/v2\/pages\/1864\/revisions"}],"predecessor-version":[{"id":1962,"href":"https:\/\/meelcelevator.com\/index.php\/wp-json\/wp\/v2\/pages\/1864\/revisions\/1962"}],"wp:attachment":[{"href":"https:\/\/meelcelevator.com\/index.php\/wp-json\/wp\/v2\/media?parent=1864"}],"curies":[{"name":"wp","href":"https:\/\/api.w.org\/{rel}","templated":true}]}}